42. Let r = z - -3466. Is r a prime number?
True
Let z(k) = 3*k + 16 - 23 + 157*k**2 + 2*k. Is z(2) a composite number?
False
Suppose -12*q + 134554 + 362414 = 0. Is q a prime number?
False
Is ((-204)/40 - (-10 + 5))*-3912730 a prime number?
True
Let r(m) = 323*m + 10. Let c be r(2). Let b = 1128 - c. Let x = b + -271. Is x a composite number?
True
Let p = 10 - 5. Suppose -15 = p*u, s - 12273 = -4*s + u. Suppose -s = -24*c + 21*c. Is c a prime number?
False
Let y = -242818 + 459537. Is y a composite number?
False
Suppose 10*z = 31*z - 105. Let l(d) = 6829*d - 184. Is l(z) a prime number?
True
Suppose 4 = -5*s + 9. Is (s*(-1 + 150))/1 prime?
True
Suppose 0 = -3*n - 2*n - 3*w + 61772, 0 = -2*n - 2*w + 24708. Let d = -6158 + n. Is d prime?
True
Let a(i) = -24*i - 128. Let f be a(-5). Let v(z) = -895*z + 171. Is v(f) a prime number?
True
Suppose 7 = g, 5*s - 1529967 = 13*g - 9*g. Is s a prime number?
True
Suppose 5*b - 864730 = -5*l, -12 - 4 = 2*l. Is b prime?
False
Let x = -304 + 574. Let p be (x/4)/(23/(-46)). Let s = -86 - p. Is s prime?
False
Suppose 22*x + 289700 = 26*x + 2*h, 4*x = 12*h + 289588. Is x prime?
True
Let g = -1600929 + 2297255. Is g composite?
True
Let b = 312 - 308. Is ((-200)/50)/(b/(-1087)) a composite number?
False
Suppose 0 = 5*w + 2*l - 52885, 792*w - 794*w - l = -21153. Is w composite?
True
Let d(i) = 1312*i**2 + 18*i - 18. Let f be d(4). Let y = -14313 + f. Is y prime?
True
Is (228308/(-10))/((-2)/(-10) - 201/335) a composite number?
False
Let l(c) = -c - 1. Let b(m) = m**2 + 3*m - 1. Let w(n) = -b(n) + 3*l(n). Let y be w(-5). Is y/9 + (-7212)/(-18) prime?
True
Suppose -17*w = -431 - 4023. Suppose 0*z - 98 = 2*a - 2*z, -4*a + z - 184 = 0. Let n = w - a. Is n a composite number?
False
Suppose 50*t = -63*t + 13943216 + 11796941. Is t a prime number?
True
Suppose 5*q - g = 2*g + 46, -2*q - 2*g = -12. Suppose -5*b = -q*b + 75. Suppose -1645 = -b*v + 20*v. Is v a prime number?
False
Let f(i) = -2*i**2 - 14*i - 9. Let b be f(-6). Let m be 2/b*518*(-9)/(-12). Suppose 5*x - m = 626. Is x prime?
False
Let i = -828 + -10046. Is (i + 53)*(-1)/3 prime?
True
Let i = -459 + 686. Let h = 120 + -116. Suppose -i = h*j - 863. Is j composite?
True
Suppose -4*t + 148 = 33*t. Suppose 2*q = t*m - 8404, 2*m - 2079 = m - 5*q. Is m a composite number?
False
Suppose 12*h - 30336 = 37332. Is h composite?
False
Let x(i) = -58906*i - 3333. Is x(-2) a prime number?
True
Let d = -15814 + -90806. Is (4/(-12))/(20/d) a composite number?
False
Let t be ((-198)/4 - 0)*(-328)/12. Let w = 2080 + t. Is w prime?
True
Let j(k) = -31 + 10*k**2 + 22*k - 4 + 19*k**2 - 3. Is j(7) prime?
False
Is 82*(6/30)/((-16)/(-192680)) a composite number?
True
Suppose -9*p = -2*p - 5936. Suppose -3*u + 7*u - p = 0. Let w = u + -67. Is w composite?
True
Suppose k - 409534 = -3*k - 2*i, 5*i = -4*k + 409519. Suppose -4*u = -3*t - 77297, -5*t + 5766 = -5*u + k. Suppose 2*m + 3*m - u = 0. Is m a composite number?
True
Let q(c) = -221*c + 16. Let t = 26 + -29. Let v be q(t). Let n = v - -198. Is n prime?
True
Let w(c) = -5*c + 16. Let l be w(-5). Let i = l - 31. Is (4/i + 121/110)*62 a prime number?
False
Suppose 64 = 2*h + 30*h. Suppose -30670 = -5*b - 16*l + 13*l, -5*b + 30645 = -h*l. Is b composite?
False
Let i(h) = 248*h**2 - 170*h + 179. Is i(-41) a composite number?
False
Let c(q) = 10*q + 21. Let f be c(-6). Let x = 42 + f. Is 2 + (-196)/(1 + x)*-17 prime?
False
Suppose -c = -5*i - 99298, 4*i + 230948 + 166292 = 4*c. Is c a prime number?
False
Let c = 3003 - 528. Suppose x - c = -2*z, x - z - 1708 = 770. Is x a prime number?
True
Let l(q) = -658*q - 858. Is l(-8) a composite number?
True
Let f be 8/84 + (1 - (-2816195)/105). Suppose 15389 = 13*t - f. Is t prime?
False
Let b be 8/16*(-3 - -1 - -60). Let h(w) = b + 5*w + 49*w + 14. Is h(19) prime?
True
Let k = -30 + 52. Let h be (-1)/9 - (-4574)/18. Suppose -k = -4*c + h. Is c composite?
True
Let p(c) = -79*c**3 + 2*c**2 + 36*c + 251. Is p(-8) a prime number?
False
Suppose -5*l + 183 = 3*k - 4*k, l + 4*k = 24. Is l/20 + (-1)/(-5) + 4125 prime?
True
Suppose -5*c + 5*k = 49190, 5*k - 4510 = 2*c + 15160. Let r be (-6)/27 - 249796/36. Let q = r - c. Is q prime?
False
Let o = 30 + -3. Suppose -906 = 163*r - 314*r. Is r/27 + 14385/o composite?
True
Let q(s) = -s - 9*s**3 - 28*s**3 + s**2 + 44*s**3 + 144*s**3 - 3. Is q(2) a composite number?
True
Let n be (-1)/(88/224 + 1/(-4)). Is 118*303/(-24)*(-11 - n) a composite number?
True
Let y(m) = 1159*m + 4. Suppose 2*z = -3*i - 2*z - 25, 3*z + 9 = i. Let g be (-1*1/(-3))/((-1)/i). Is y(g) a prime number?
True
Suppose 3*q = o + 4*o - 13, 3*o - 2 = -4*q. Let b be (1/((-1)/4))/q. Suppose -6495 = -b*s - s. Is s a composite number?
True
Let p = -101 - -628. Suppose 5*h = 2*j + 5511, h + j - p = 578. Suppose -a + h = a + o, -4*o = 2*a - 1106. Is a a composite number?
True
Suppose 9*t = 86 + 4. Suppose -19 = t*v + 31. Is (-2 - v) + (0 - -988) composite?
False
Let m(g) = 67*g**3 + 11*g**2 + 7*g. Let c be m(-3). Let a = 6376 + c. Is a a prime number?
False
Suppose 10*a - 55 = -25. Suppose -g + 1847 = -a*u, -4*g = -4*u + 2146 - 9502. Is g a prime number?
False
Let b = 418 + -1313. Let p = 1478 + b. Is p prime?
False
Is (7 + 1/((-12)/(-2064003)))*(-20)/(-15) composite?
False
Let p(o) be the second derivative of 0 - 6*o + 1/2*o**2 + 316*o**3. Is p(1) prime?
False
Suppose 135*a + 5821480 = 139*a + 3*i, -5*i = 20. Is a composite?
False
Let r(w) = 69*w**2 - 21*w - 15. Let i be r(-11). Suppose -4*p + 21849 = -2*m - 12401, 2*m - i = -p. Is p a composite number?
False
Suppose 18*r - 14*r = 0. Suppose r = -5*w + 4*w - 5*p + 2084, 3*p = -2*w + 4133. Is w composite?
True
Suppose 0*t + 146 = -2*t. Let f = t - -67. Is ((-58)/f)/((-4)/(-156)) a composite number?
True
Suppose 0 = -h - 3*a + 342 + 16, 2*h - 743 = 3*a. Let l(c) = 389 + 54*c - 157*c - h. Is l(-3) composite?
False
Let d(f) = -f - 9. Let l be d(-14). Suppose -l*s - 3*b = 664, -88 = 2*s - 4*b + 188. Let y = s + 297. Is y a prime number?
True
Suppose -18324 = j - 7*j - 2*q, -4*j = -5*q - 12197. Is j a composite number?
True
Let x(z) = 2*z**2 + 8*z + 4. Let t be x(-4). Suppose f + y - 1822 = 0, -3*f - 2*y + 5471 = -t*y. Is f composite?
False
Let f = -57 + 56. Is f*1*16355/(-5) a composite number?
False
Let k = 264159 - 123818. Is k composite?
True
Suppose j = -3*r + 772199, 0 = -25*j + 21*j - r + 3088730. Is j composite?
False
Let b(a) = -129226*a + 1867. Is b(-4) a composite number?
True
Let q(g) = -6*g + 13*g**2 - 6*g**2 + 2 + 11*g**2 - 3. Suppose -2*t = -0 - 8, 0 = -v - 4*t + 7. Is q(v) prime?
True
Suppose 15*k - 12*k + 2*l - 33 = 0, -33 = -4*k + l. Let j(g) = -3*g + 6. Let v be j(-5). Is -502*14/v*k/(-12) a prime number?
True
Let y be (-4)/(4/(-5)) + 1. Let k be (-13262)/(-114) - 4/y*-1. Let p = k - -136. Is p prime?
False
Let g = -483 - -518. Suppose g*b - 107716 = 7*b. Is b prime?
True
Let d(k) = -15 - 9*k**2 - 4*k + 13*k**2 + 9*k + 449*k**3. Is d(2) prime?
False
Let r = 164288 - 108787. Is r composite?
False
Let g(x) = 33628*x - 65. Is g(1) composite?
False
Let h = -194 + 202. Suppose h*a = 16975 + 34137. Is a a composite number?
False
Suppose -35*f + 37*f = 4. Suppose f*j = 1673 + 601. Let a = 1792 - j. Is a prime?
False
Let z(w) = -w**2 - 9*w + 13. Let i be z(-10). Suppose 3*h + i*s = 35598, -25*h = -29*h - 5*s + 47469. Is h composite?
True
Let h = -5 - -3. Let d(s) = -s - 1. Let a(y) = 14*y + 4. Let k(p) = -a(p) - 5*d(p). Is k(h) prime?
True
Is 13*25484*1 + -69 + 78 prime?
True
Let q(f) = f**3 + 17*f**2 - 2*f - 31. Let w be (-721)/42 + (-1)/(-6). Let n be q(w). Suppose 3*o - 419 = -5*t, n = -o + 1. Is t a composite number?
True
Suppose 2*v - v + 35219 = b, 8*b - 281766 = v. Is b prime?
True
Let n be 21/(-6)*12/(-21)*2. Let s = 22 - 34. Is 18/s + 1954/n a composite number?
False
Let g(a) = 1602*a**3 - 3*a**2 + 7*a - 5. Let l(o) = 2*o**3 - o**2 - 9*o + 10. Let d be l(1). Is g(d) a prime number?
False
Suppose 5*q - 3*t - 168483 = 0, 5*q - 2*t + 5*t - 168477 = 0. Suppose 0 = 4*h + 3*l - 44332, -5*l + 447 = -3*h + q. Is h composite?
False
Let p = 386 + -368. Is (-36)/162 - (-60358)/p a composite number?
True
Suppose 3*x + 5 = 3*l - 13, -2*l = 2*x - 4. Let p(k) = k**2 + 1 + 5*k + 2*k**2 + 0 + 31*k**3. Is p(l) composite?
False
Suppose 1338143 + 18